?
13
Let m(t) = 5*t + 6. What is the remainder when 83 is divided by m(3)?
20
Let m(x) = 6*x**2 - 11*x - 9. Suppose -24 = -k - 5*h + 14, -2*k + 37 = -3*h. What is the remainder when m(4) is divided by k?
20
Suppose 7 = -4*p + 283. Suppose -2*l + 3 = -33. Calculate the remainder when p is divided by l.
15
What is the remainder when 77 is divided by 23 + (6/1)/(-2)?
17
Suppose 13 = -l + 5*s, -2*l + 5 = -7*l + 5*s. Let k = 33 - 21. Suppose -5*u - 5 = -5*r, -k = -4*r + 4. Calculate the remainder when u is divided by l.
1
Suppose -3*k + 0 + 12 = 0, k + 5 = -3*c. Let a be (2*12)/3 - c. Suppose -2*i + 45 = a. Calculate the remainder when i is divided by 6.
5
Calculate the remainder when 10414/205 + (1 - (-8)/(-10)) is divided by 19.
13
Let n be ((-1)/2)/(4/56). Let d(l) = l**2 + 4*l - 7. Let r be d(n). Let a = -9 + r. Calculate the remainder when a is divided by 3.
2
Suppose 17 = -o + 3*o + 5*i, -4*i - 44 = -2*o. Suppose -4*d + o = 0, 2*d - 20 = -p - 2*p. Suppose -p*n + 36 = -4. What is the remainder when 19 is divided by n?
9
Let o = -122 + 172. Let v = 16 + 1. What is the remainder when o is divided by v?
16
Let t = -18 - -33. Calculate the remainder when (-2)/(-18) - (9 + (-1615)/45) is divided by t.
12
Suppose 56 = 7*l - 3*l. What is the remainder when 25 is divided by l?
11
Let o = -2 - -4. Let g be 4 + -2 + 0/(-1). Suppose g*s + o - 22 = 0. Calculate the remainder when s is divided by 3.
1
Suppose -4*x = 2*y - 40, -3*x - 2*y = -y - 31. Let w = x + -1. What is the remainder when 38 is divided by w?
8
Calculate the remainder when ((-4)/(-3))/(2/42) is divided by 6.
4
Let d(g) = g**2 + 6*g - 3. Let t be d(-7). Let k be (0 + 6)/(6/t). Suppose -k*x + x + 24 = -3*s, x + 7 = 4*s. Calculate the remainder when 25 is divided by x.
12
Suppose -105 = -5*k - 4*g - 17, -g = 2*k - 34. Let l = 3 + k. What is the remainder when l is divided by 5?
4
Suppose 0 = -4*n + 55 + 33. Let g be 1/(1 - n/20). Calculate the remainder when 26 is divided by ((-18)/g)/((-2)/(-10)).
8
Let q be ((-6)/8)/(2/(-8)). Let m = -2 + q. Calculate the remainder when m is divided by 1.
0
Suppose -4*w = -3*w - 13. What is the remainder when 143/4 + 3/12 is divided by w?
10
Let y be 0/(1 + 2 + -5). Suppose -66 = -y*u - 3*u. Calculate the remainder when u is divided by 12.
10
Let n = -14 - -20. Suppose -n*x + 3*x = -57. What is the remainder when x is divided by 5?
4
Let s = 5 + 0. Suppose s*z - z = 28. Suppose 2*t = 3*t - z. Calculate the remainder when t is divided by 3.
1
Suppose -u - 85 = -y, -2*y + 202 = -5*u + 44. Suppose y = 5*o - 71. Calculate the remainder when o is divided by 17.
15
Let r = -12 + 86. What is the remainder when r is divided by 26?
22
Let v(q) = -q**3 + 7*q**2 + 9*q + 11. Calculate the remainder when v(8) is divided by ((-1)/4*4)/((-2)/20).
9
Let n = 139 + -107. Suppose 4*p = -g + 20, 4*p - 2*g + 20 = 8*p. Suppose 9 = p*z - 46. What is the remainder when n is divided by z?
10
Suppose -f + 46 = 5*x, -2*x - 5*f = -6*x + 60. Suppose -60 = -25*q + 5*q. Calculate the remainder when x is divided by q.
1
Suppose -x + 5 - 14 = o, -3*o = -2*x + 7. Let b = 3 + -2. Calculate the remainder when 3 is divided by 2/(-4)*(o + b).
1
Let f(g) = g**3 - 12*g**2 + 10*g + 5. Let k be f(11). Let q = 10 + k. What is the remainder when q is divided by 2?
0
Suppose -10 = 5*c - 30. Suppose -239 - 6 = -5*x. Let v = -35 + x. Calculate the remainder when v is divided by c.
2
Let k(o) = o**2 + 5*o + 3. Let t be k(4). Let z = t + 0. What is the remainder when z is divided by 20?
19
Suppose 10 = 3*w - 209. Calculate the remainder when w is divided by 15.
13
Suppose 6 = w + 3*l - 1, -2*l - 32 = -3*w. Calculate the remainder when 27 is divided by w.
7
Suppose -2*f = 5*i + 2*f - 29, 2*i + 4*f - 14 = 0. Suppose 6*n = n + i. Calculate the remainder when 2 is divided by n.
0
Let q = -14 + 20. Let v = -15 - -26. Calculate the remainder when v is divided by q.
5
Let a(t) = -7*t + 1. What is the remainder when 27 is divided by a(-2)?
12
Let n(j) = -j**3 - 4*j**2 - 2*j - 3. Let s be n(-4). Let t = s - 2. Let y(r) = -r**3 + 6*r**2 + 7*r + 5. Calculate the remainder when y(7) is divided by t.
2
Suppose 5*n = -5*v - 20, -2*v + 0*n - 5 = n. What is the remainder when 2 is divided by v - -2 - 0/6?
0
Let f = 23 - 19. Suppose 0 = 3*s - f*d - 88, d + d + 32 = s. Let v = -16 + 29. Calculate the remainder when s is divided by v.
11
Suppose -u + 1 = -20. Calculate the remainder when 37 is divided by 393/u + (-2)/(-7).
18
Suppose 0 = -2*h + 6*h + 5*p - 69, -4*h + 68 = 4*p. Suppose -q + h = q. Calculate the remainder when 30 is divided by q.
6
Let p(j) = -2*j**2 - j. Let c be p(-1). Let v = 9 + c. What is the remainder when 13 is divided by v?
5
Let f = -102 + 116. Let q(u) = 2*u. Calculate the remainder when f is divided by q(4).
6
Suppose -131 = -4*w - 5*y, -2*y + 6*y = w - 38. What is the remainder when w is divided by ((-6)/(-4))/(9/108)?
16
Let z(y) = 2*y**2 + y - 2. Let f be z(-2). Let d be (-3)/f*(4 + -8). Suppose -d*l + l = -10. What is the remainder when 13 is divided by l?
3
Suppose -3*l + 7 = -14. Suppose 104 = l*x - 3*x. What is the remainder when x is divided by 6/(-3) + -1 + 12?
8
Let z = -22 + 41. Let o(p) = -p**2 - 15*p - 8. Calculate the remainder when o(-11) is divided by z.
17
Let b(r) = 11*r**2 + 4*r + 1. Calculate the remainder when b(-3) is divided by 18.
16
Let n(i) = -3*i**3 - 5*i**2 - 7*i - 3. Let a(h) = h**2 + 57. Calculate the remainder when a(0) is divided by n(-2).
12
Suppose 0*d + 6*d = 30. Suppose 176 = d*l - 79. What is the remainder when l is divided by ((-6)/(-15))/(1/45)?
15
Let y = 0 - 0. Suppose 0*l - l = y. Suppose 2*n = -l*n + 64. Calculate the remainder when n is divided by 17.
15
Suppose 0*r = 4*r. Suppose r*j + 5*t = -4*j + 65, 4*j + 2*t - 74 = 0. Suppose -3*b = -n + j, n = -4*b - 9 + 1. What is the remainder when 14 is divided by n?
6
Let a(q) = 2*q**2 - q + 1. Calculate the remainder when ((-9)/2)/((-15)/40) is divided by a(2).
5
Let g = 14 - 15. Calculate the remainder when (0 - 3)*-7 - g is divided by 8.
6
Suppose -5*a + 9 = -11. Calculate the remainder when 13*(-2)/((-3 - -8) + -7) is divided by a.
1
Let p(g) = g**3 - 10*g**2 - 5*g - 13. Let z = -14 - -25. Calculate the remainder when p(z) is divided by 18.
17
What is the remainder when 16 is divided by 12 - 8 - (1 - 2)?
1
Let r be (6/2)/((-6)/(-4)). Let m = r + 34. Let c(h) = -4*h - 1. Calculate the remainder when m is divided by c(-5).
17
Suppose 4*f - 2*o - 56 = -6*o, 5*f = -3*o + 70. Suppose -5*u - 4*n + 265 = -8*n, 0 = -4*n. Calculate the remainder when u is divided by f.
11
Let q be (-5)/(3 - 52/18). Let b = q - -147. Suppose -f + 3*f + 136 = 4*h, -3*h + b = -4*f. Calculate the remainder when h is divided by 12.
10
Let l(u) = u + 18. Let o = -6 + 9. Suppose -10 = -f - 5*n, -o*f - 2*f - 3*n + 28 = 0. What is the remainder when l(0) is divided by f?
3
Let n(x) = x**2 + 14*x - 142. Suppose u - 5*u - 60 = 0. Let s = u - -33. What is the remainder when s is divided by n(-21)?
3
Suppose 2 = 3*i - 22. Suppose 2*l + i = -0*l. Let n(x) = -3*x - 2. Calculate the remainder when 19 is divided by n(l).
9
Suppose -55 - 225 = -4*h. Calculate the remainder when h is divided by 25.
20
Let v = -34 - -53. Calculate the remainder when v is divided by 5.
4
Let d be 8/6*(-12)/(-8). Suppose -d*w + s + 37 = 0, -4*w - 4*s = -3*s - 59. Let x = -4 + 10. What is the remainder when w is divided by x?
4
Let o(d) = 2*d**2 + 7*d + 6. What is the remainder when o(-5) is divided by 12?
9
Let a = 20 - 13. Let s = -8 + 11. What is the remainder when a is divided by s?
1
Suppose -4*t + 2*t = -6. Suppose -t*u + 30 = -6. What is the remainder when 57 is divided by u?
9
Let g = 0 + -2. Let k be (3 - 39/g)*2. Suppose 4*l = 5*x + k, x + 16 = 2*l - 5. Calculate the remainder when 29 is divided by l.
9
Let v(i) = 42*i**2 - 2*i + 1. Calculate the remainder when 179 is divided by v(-1).
44
Let d(k) = 3*k. Let w(j) = j**2 - 2*j + 9. Let r(l) = 2*l - 4. Let s be r(5). Calculate the remainder when w(s) is divided by d(4).
9
Let j be (-8)/36 + 56/9. What is the remainder when (-196)/(-6) - (-2)/j is divided by 17?
16
Suppose h + 55 + 31 = 5*o, 4*o - 88 = -4*h. Calculate the remainder when 53 is divided by o.
17
Suppose 3*h - u + 8 + 80 = 0, 3*h - 3*u = -78. Let c